s?
4
Let u(c) = 7*c**3 - 11*c**2 + 28*c - 11. Let o(b) = 8*b**3 - 12*b**2 + 29*b - 11. Let v(a) = -3*o(a) + 4*u(a). What is the hundreds digit of v(7)?
1
Let t be 4/(-6)*174/12*-87. Suppose -5*k + 5*n + t = -194, -4*k - 4*n = -812. Let h = k + -131. What is the units digit of h?
4
Let k(v) = -966*v + 3078. What is the thousands digit of k(-14)?
6
Let d(v) = -2*v**3 - 45*v**2 + v - 801. What is the units digit of d(-32)?
3
Let y(h) be the second derivative of h**5/10 - h**4/12 - h**3/2 + 2*h**2 + 24*h. Let f be y(2). Suppose -f*a = -1913 + 463. What is the tens digit of a?
4
Suppose 3*d - a - 1274 = 0, d - 529 = 5*a - 123. What is the units digit of -4 + 1 + d + 1?
4
Suppose 2*l + 126 - 412 = 0. Let r = l + -71. What is the units digit of r?
2
Let t = 143 - 101. Let f = 1170 + -1127. Let u = f - t. What is the units digit of u?
1
Let k = -2 - -7. Suppose -k*z + 394 + 486 = 0. Let s = z + -81. What is the units digit of s?
5
Let a(h) = -h**2 + h + 2. Let t(r) = -2*r**2 - 4*r + 32. Let f(s) = a(s) - t(s). What is the units digit of f(-16)?
6
Let g be -1*(-16)/(-80) - (-23192)/10. Suppose 0 = -8*a + 265 + g. What is the units digit of a?
3
Let z(k) be the first derivative of 15*k**2/2 - 75*k - 62. What is the tens digit of z(8)?
4
Let l(h) = -h**3 + 44*h**2 + 385*h - 8. What is the tens digit of l(49)?
5
Suppose 5*y = 10*y - 10. Suppose 42 = h + 4*o, -y*h + o + 93 = -0*o. Suppose -h*a + 41*a + 200 = 0. What is the units digit of a?
0
Suppose 0 = 3*d - 2*d - 295. Suppose -d = 4*x + 217. Let w = x + 211. What is the units digit of w?
3
Let j(o) = -71 - 15 - 90*o + 10 - 87. What is the hundreds digit of j(-8)?
5
Let h be 2*-2 + -286 + -8 + 11. What is the units digit of 12/4 - (-2 + 1 + h)?
1
Suppose -60*l = -59*l - 3, 4*l + 110698 = 5*x. What is the hundreds digit of x?
1
Let q = 12533 + -7588. What is the tens digit of q?
4
Let n(u) = 40*u**2 + 8*u - 12. Suppose 4 = 4*i + 3*o, 28 = 8*i - 4*i - 3*o. What is the tens digit of n(i)?
6
Suppose -12650 = -43*v + 40*v - a, 4*v - 3*a = 16871. What is the thousands digit of v?
4
Let q(i) = i**3 - 21*i**2 + 11*i. Suppose -33*l + 5*l = -588. What is the hundreds digit of q(l)?
2
Let a(j) = j**3 - j**2 - j - 68. Let n be a(0). Let u be (-2*4)/(4/n). Suppose 0 = -5*m + u - 41. What is the units digit of m?
9
What is the units digit of 77390/2 + (-128)/(-96) + (-16)/3?
1
Suppose 11*h = 24*h - 26. Suppose 0 = -2*w - h*l + 1340, 4*w - 2*l + l - 2655 = 0. What is the tens digit of w?
6
Let l be (4570 - -3 - 4) + -7. Suppose 908 = i - 0*i + 4*c, -l = -5*i + 2*c. What is the tens digit of i?
1
What is the tens digit of 46728 + (-4 + -16 - -1)?
0
Let v(z) = z**3 - 16*z**2 - 4*z - 32. Let c be 232/10 - (-10)/(-50). Let y = -6 + c. What is the units digit of v(y)?
9
Suppose -1197 = -5*t + 2898. What is the tens digit of t?
1
Let m(n) = -187*n + 175. Let o(v) = -22*v + 60. Let g be o(3). What is the hundreds digit of m(g)?
2
Let y(i) = -16 + 6*i**2 + 12 - 16*i - 18 - 2*i**2. Let g be y(-10). Suppose 2*b - g = -72. What is the tens digit of b?
3
Let h be 12 + 1 + 2 + 18/(-6). Let m be (-465)/h + (3 - (-39)/(-12)). Let o = 127 + m. What is the units digit of o?
8
Let t(f) be the third derivative of 5*f**4/3 - 35*f**3/2 + 22*f**2. What is the tens digit of t(9)?
5
Suppose -2*l + 28 = -4*v, v + 12 = 2*l + 5*v. Let g = -10 + l. Suppose -4*x + 2*d + 455 + 353 = g, -x - 2*d + 212 = 0. What is the hundreds digit of x?
2
Suppose 15541 = 3*z + x, -5*x = -4*x + 5. What is the hundreds digit of z?
1
Let h = -96 + 108. What is the hundreds digit of ((-30)/h)/(45/(-3924))?
2
Suppose -2*r = -5*p + 44056, -38*p = -40*p + 5*r + 17635. What is the units digit of p?
0
Let b = 465 + -737. Let t = b - -556. What is the tens digit of t?
8
Let g(c) = -68*c**3 - 3*c**2 - 52*c - 125. What is the hundreds digit of g(-6)?
7
Let a = 9749 + -4858. What is the tens digit of a?
9
Let k(f) = 10*f**3 + 8*f**2 - 190*f + 33. What is the units digit of k(13)?
5
Suppose 0 = 67*m - 118235 - 4308. What is the tens digit of m?
2
Suppose -49*v + 9142 = -55685. What is the thousands digit of v?
1
Suppose -21 = -2*p - 1. Let z be 2/p - (-1)/(-5). Suppose 32 = 5*x - 3*s - 98, x + s - 18 = z. What is the tens digit of x?
2
Let d = 268 - 173. Suppose -10*b + 173 - 13 = 0. Suppose -11*l = -b*l + d. What is the units digit of l?
9
What is the units digit of (-4498456)/(-88) - 14/(-77)?
9
Let d = 205 - 390. Let k = d + 199. What is the tens digit of k?
1
Suppose -2*a = -3*z + 532, -5*a - 18 - 682 = -4*z. Let v = z - 127. What is the tens digit of v?
5
Let z(s) = -11*s + 78. Let r be z(-15). Let w = r + 58. What is the hundreds digit of w?
3
Suppose 6*x + 5 = -13. Let q be 0 + x + -4 + 4. What is the tens digit of 1 + (q - 92/(-2))?
4
Suppose 4907*j = 4797*j + 2581700. What is the tens digit of j?
7
Let n(y) = 19*y + 21. Let g = -84 - -93. Let m be g/18 + -17*1/(-2). What is the hundreds digit of n(m)?
1
Let o(r) = 2008*r**2 - 165*r - 648. What is the tens digit of o(-4)?
4
Let o = 37 - 46. Let a be 4/((-24)/o)*4/(-6). What is the units digit of 4655/28 + a*(-2)/(-8)?
6
Suppose -1735*h = -1741*h + 2406. Suppose 2*g - h = 347. What is the units digit of g?
4
Suppose 4*w - 965*h = -960*h + 132875, h = 4*w - 132847. What is the units digit of w?
0
Let b(r) = 2*r**3 + 23*r**2 + 37*r + 12. What is the thousands digit of b(13)?
8
Let t = 21 - -136. Let h = -108 + t. Let f = h - -28. What is the units digit of f?
7
Suppose 4*m = -z + 45070, -130366 = -3*z + 4*m + 4796. What is the ten thousands digit of z?
4
Let m(s) = s**2 - 41*s + 118. Let f be m(31). Let g = 67 - f. What is the tens digit of g?
5
Suppose 0 = 4*c - 15*c + 8954. Let p = c + -550. Suppose -p = -12*t + 6*t. What is the tens digit of t?
4
Let b(m) be the second derivative of m**4/4 - m**2 + 8*m. Let x be b(1). What is the units digit of 57 + (0/2 - x)?
6
Suppose -228878 = -42*b + 59788. What is the thousands digit of b?
6
Suppose 4*v + 248 = 4*g, 4*v - 194 = -3*g + 3*v. Let i(j) = j**3 + 8*j**2 - 22*j - 12. Let c be i(-10). What is the tens digit of g + 0 - 32/c?
6
Let v be 165/(-135) + (-6)/(-27). What is the tens digit of -88 + 86 + (v - -344)?
4
Suppose 6*o - 27432 - 906 = 0. What is the tens digit of o?
2
Let i = 300 + -261. Suppose 5*k - 184 - i = 3*z, 174 = 4*k + 2*z. What is the units digit of k?
4
Let c be (-1)/(-2)*2*0. Suppose 2*k + 4*h - 56 = c, -4*h = -h + 6. What is the tens digit of k/(-8) - 53/(-1)?
4
What is the thousands digit of 7482/(-116)*(284/(-4) + 1)?
4
Let k(v) = 35*v**3 - 3*v**2 + v - 3. Let q(l) = 18*l**3 - l**2 + l - 1. Let a(f) = 4*k(f) - 7*q(f). What is the hundreds digit of a(4)?
7
Let x(m) = m**2 - 4*m + 8. Let n be x(2). Suppose k = -5*r + 407, 0 = n*r + 4*k - 221 - 95. Let q = -57 + r. What is the units digit of q?
5
Suppose 2 = i, -2*h - 2*i = -0*i - 16. Let g = h - 6. Suppose g*l - 3*l + 639 = 0. What is the tens digit of l?
1
Let b(p) = 7*p + 130. Let l be b(-45). Let v = l - -400. What is the hundreds digit of v?
2
Let o(x) = -178*x + 8. Let u(h) = -178*h + 9. Let f(b) = 4*o(b) - 5*u(b). What is the units digit of f(2)?
3
Let q(p) = -p**2 + 14*p - 6. Let v be q(12). Suppose -z - 5*z = -v. Suppose z*h = 2*r + 202, -h - 7*r = -2*r - 90. What is the units digit of h?
0
Let v(f) = 2*f**2 - 29*f + 24. Let a be (3 + -2)/8 - (-666)/48. Let t be v(a). Suppose -t*o + 1306 + 344 = 0. What is the units digit of o?
5
Let j = -1189 + 1272. Suppose -15 = -4*y + z - 6*z, 2*y - 3*z - 13 = 0. Suppose 0 = -y*w + 392 + j. What is the tens digit of w?
9
Suppose -48*a + 223145 = -28855. What is the thousands digit of a?
5
Let u = 579 - -125. What is the tens digit of u?
0
Let l(i) be the third derivative of 0 - 1/60*i**5 + 0*i - 13*i**2 - 1/2*i**4 - 11/6*i**3. What is the units digit of l(-6)?
5
Let u(i) = i**3 - 20*i**2 - 29*i - 8. Let j be u(22). Suppose 0 = -318*d + j*d - 520. What is the units digit of d?
0
Let t(u) = -2*u**3 - 9*u**2 - 3*u - 15. Let q(j) = j**3 - 2*j - 6. Let a be (-5 + 5)*3/(-3). Let g be q(a). What is the units digit of t(g)?
1
Let i = 96 + -51. Let j = i - 75. What is the hundreds digit of ((j/25)/(-3))/((-1)/(-485))?
1
Let u = -30 - -29. Let m be u*(-2 + 3) + 0 + 8. Suppose 4*w - 402 = f, -3*f = 5*w - m*f - 497. What is the units digit of w?
1
What is the ten thousa